umber?
True
Is 613603203 prime?
False
Is 2718107 prime?
False
Is 390209737 composite?
False
Is 1992407 prime?
True
Is 33121577 a composite number?
True
Is 561667 composite?
False
Is 374026841 prime?
True
Is 14460097 a composite number?
True
Is 64543769 a prime number?
True
Is 970339589 a prime number?
True
Is 37581113 a prime number?
True
Is 243825391 a composite number?
True
Is 246484489 prime?
False
Is 130943 composite?
True
Is 49170487 a composite number?
False
Is 21053693 prime?
False
Is 24975695 a composite number?
True
Is 4728173 prime?
True
Is 1499627 prime?
True
Is 354656959 a composite number?
False
Is 23215667 composite?
False
Is 253457 a prime number?
False
Is 152885911 a composite number?
True
Is 21458257 prime?
True
Is 10788766 prime?
False
Is 3372349 a prime number?
True
Is 21007465 composite?
True
Is 2153 a prime number?
True
Is 3864587 a composite number?
False
Is 52774879 a composite number?
True
Is 4880222 prime?
False
Is 440281 a composite number?
False
Is 14667557 composite?
True
Is 43619381 prime?
False
Is 20391797 composite?
True
Is 305581 prime?
True
Is 7950737 composite?
False
Is 5709989 prime?
False
Is 53159161 a prime number?
False
Is 1589167 composite?
True
Is 1006678 a composite number?
True
Is 41503789 prime?
True
Is 55303427 composite?
False
Is 33991499 prime?
True
Is 303445 a prime number?
False
Is 605471 prime?
True
Is 28267709 a composite number?
True
Is 140433887 prime?
False
Is 36066243 composite?
True
Is 162627603 composite?
True
Is 719620213 composite?
True
Is 13695623 prime?
False
Is 1296371 prime?
True
Is 2756489 a prime number?
False
Is 2016653 a prime number?
True
Is 16870823 a composite number?
True
Is 23252611 a composite number?
False
Is 475457 a composite number?
False
Is 27547211 composite?
False
Is 32167763 prime?
False
Is 38124433 a prime number?
True
Is 8782017 a prime number?
False
Is 63671267 a prime number?
False
Is 537893 prime?
False
Is 7444374167 composite?
False
Is 216446171 composite?
True
Is 53114879 prime?
True
Is 176988187 a prime number?
False
Is 38941079 prime?
True
Is 32740049 a composite number?
True
Is 103795763 composite?
False
Is 7882521 a prime number?
False
Is 3467603 a prime number?
False
Is 579231589 a composite number?
False
Is 205297 a prime number?
True
Is 46495633 a prime number?
True
Is 91831589 prime?
True
Is 8976407 a composite number?
True
Is 34221683 a composite number?
False
Is 6508329 prime?
False
Is 150614381 composite?
True
Is 535165445 a prime number?
False
Is 692227 a prime number?
False
Is 9543727 prime?
True
Is 276173561 a prime number?
True
Is 8097917 a prime number?
True
Is 2680841 a prime number?
False
Is 154063535 a composite number?
True
Is 578729 a prime number?
True
Is 7577743 a composite number?
True
Is 301447 composite?
False
Is 157417091 prime?
False
Is 28509433 prime?
False
Is 490457233 prime?
False
Is 79454783 a composite number?
False
Is 88291577 a prime number?
False
Is 8441003 prime?
False
Is 2084101 a composite number?
False
Is 2733971 a prime number?
True
Is 360301607 prime?
True
Is 177375403 prime?
True
Is 136642811 composite?
False
Is 2000821 prime?
False
Is 411893 prime?
False
Is 64807819 a prime number?
False
Is 94730131 prime?
False
Is 147900469 prime?
True
Is 22774641 a prime number?
False
Is 245845 a prime number?
False
Is 334405241 a prime number?
False
Is 149008243 a composite number?
True
Is 931621 a composite number?
False
Is 24777089 a prime number?
True
Is 14022707 a prime number?
False
Is 25697783 a composite number?
True
Is 1251641 prime?
True
Is 34687097 a composite number?
True
Is 2708243 composite?
False
Is 724972427 a prime number?
True
Is 149778091 composite?
False
Is 298583429 composite?
False
Is 372318059 prime?
True
Is 16594147 prime?
True
Is 5022161 a composite number?
True
Is 5866213 a composite number?
False
Is 38150773 composite?
False
Is 2814481 composite?
False
Is 8190823 composite?
False
Is 34807 a composite number?
False
Is 1335151 composite?
True
Is 26139221 a composite number?
False
Is 70751821 a composite number?
True
Is 12247187 composite?
True
Is 6560227 a composite number?
False
Is 340979 a composite number?
False
Is 9806131 a prime number?
False
Is 78569201 a prime number?
True
Is 38170633 a composite number?
False
Is 4016069 composite?
True
Is 1592263 prime?
True
Is 168289393 composite?
False
Is 7340239 prime?
True
Is 12050449 a composite number?
True
Is 1175255 a composite number?
True
Is 126144361 composite?
True
Is 270299 a prime number?
True
Is 4177657 a composite number?
True
Is 84691393 a prime number?
True
Is 2109529 composite?
True
Is 1206961007 composite?
True
Is 19244161 a composite number?
True
Is 97597571 a prime number?
True
Is 18432527 a prime number?
False
Is 1763297 a composite number?
False
Is 177254239 prime?
False
Is 1698803287 a composite number?
True
Is 198731035 a prime number?
False
Is 5511461 prime?
True
Is 7620731 a prime number?
False
Is 51461513 composite?
False
Is 7204007 a composite number?
True
Is 451039 a prime number?
True
Is 15325411 a prime number?
True
Is 5839073 a composite number?
False
Is 4035767 prime?
False
Is 9616447 composite?
False
Is 1774399 a composite number?
True
Is 8305951 a composite number?
False
Is 60052271 a composite number?
False
Is 66415397 a composite number?
True
Is 1737479 composite?
False
Is 16040971 a prime number?
True
Is 9060857 a composite number?
True
Is 2417447 a composite number?
False
Is 11455219 a composite number?
True
Is 157188799 a prime number?
False
Is 934934002 a prime number?
False
Is 579104587 prime?
True
Is 35581549 prime?
False
Is 484386457 composite?
True
Is 4364231 a prime number?
True
Is 1810329 prime?
False
Is 5109449 a prime number?
False
Is 12425117 a prime number?
True
Is 67428415 a prime number?
False
Is 29874857 prime?
False
Is 94282147 composite?
False
Is 856997729 a composite number?
True
Is 2968349 a composite number?
True
Is 8536973 a prime number?
False
Is 2956237 prime?
True
Is 2031035 prime?
False
Is 21975031 prime?
False
Is 75646247 composite?
False
Is 40344587 prime?
False
Is 2767927 composite?
False
Is 16688839 prime?
False
Is 79745837 a composite number?
False
Is 6060949 a composite number?
False
Is 99357413 composite?
False
Is 10633357 prime?
False
Is 79920677 prime?
True
Is 2189843 a composite number?
False
Is 75100607 composite?
False
Is 48504877 prime?
True
Is 7999049 prime?
False
Is 84276455 a prime number?
False
Is 18400141 a prime number?
False
Is 2347087 prime?
False
Is 2763881 composite?
False
Is 57470927 a composite number?
False
Is 76305917 a prime number?
False
Is 61438849 a prime number?
False
Is 673811 a composite number?
False
Is 1964387 prime?
True
Is 21684511 composite?
False
Is 4611382 prime?
False
Is 123339 a composite number?
True
Is 108104617 a prime number?
True
Is 6324803 a prime number?
False
Is 6664351 prime?
True
Is 4046993 a prime number?
True
Is 17975509 a prime number?
False
Is 10900159 a prime number?
False
Is 913267 a prime number?
False
Is 88271933 composite?
False
Is 40395413 a prime number?
True
Is 52332638 a composite number?
True
Is 1495763 a composite number?
True
Is 251461811 composite?
True
Is 5103715 a composite number?
True
Is 6971821 composite?
True
Is 114972317 a composite number?
True
Is 138430519 a prime number?
True
Is 333972997 prime?
True
Is 9192137 composite?
False
Is 47862753 prime?
False
Is 776413 prime?
False
Is 13381667 prime?
False
Is 686084601 a prime number?
False
Is 21386699 composite?
False
Is 490780363 prime?
True
Is 1840867 a composite number?
True
Is 3340559 a prime number?
False
Is 43953401 composite?
True
Is 1852459 prime?
False
Is 1784527 composite?
False
Is 4323079 a prime number?
False
Is 6350702 a composite number?
True
Is 7632223 composite?
True
Is 8232038 a prime number?
False
Is 20302797 prime?
False
Is 190387655 composite?
True
Is 1772461 prime?
True
Is 128738437 composite?
True
Is 49422727 a prime number?
True
Is 49331 a composite number?
False
Is 11790343 composite?
True
Is 336065663 composite?
False
Is 24554765 composite?
True
Is 70565819 prime?
True
Is 242744141 a prime number?
True
Is 9622409 composite?
True
Is 36029419 prime?
True
Is 12316801 composite?
True
Is 143814179 prime?
True
Is 360253583 prime?
True
Is 480449 a prime 